{"id":29,"date":"2019-03-07T13:43:57","date_gmt":"2019-03-07T13:43:57","guid":{"rendered":"https:\/\/itsadive.create.aau.dk\/?page_id=29"},"modified":"2021-11-25T10:45:16","modified_gmt":"2021-11-25T10:45:16","slug":"publications","status":"publish","type":"page","link":"https:\/\/itsadive.create.aau.dk\/index.php\/publications\/","title":{"rendered":"Publications"},"content":{"rendered":"\n<ul class=\"wp-block-list\"><li>Jonas Siim Andersen, Riccardo Miccini, Stefania Serafin, and Simone Spagnol, <em>\u201cEvaluation of individualized HRTFs in a 3D shooter game\u201d.<\/em> In: <em>Proceedings of the 1st International Conference on Immersive and 3D Audio (I3DA 2021)<\/em>, Bologna, Italy (virtual conference), September 2021. [<a href=\"https:\/\/ieeexplore.ieee.org\/document\/9610934\">see online<\/a>] [<a href=\"https:\/\/itsadive.create.aau.dk\/wp-content\/uploads\/2021\/10\/I3DA_2021.pdf\">pdf<\/a>]<\/li><\/ul>\n\n\n\n<ul class=\"wp-block-list\"><li>Simone Spagnol, Riccardo Miccini, Marius George Onofrei, R\u00fanar Unnth\u00f3rsson, and Stefania Serafin, <em>\u201cEstimation of spectral notches from pinna meshes: Insights from a simple computational model\u201d. IEEE\/ACM Transactions on Audio, Speech, and Language Processing  <\/em>29, pages 2683-2695, August 2021. [<a href=\"https:\/\/ieeexplore.ieee.org\/document\/9507273\/\">see online<\/a>] [<a href=\"https:\/\/itsadive.create.aau.dk\/wp-content\/uploads\/2021\/08\/TASLP_2021.pdf\">pdf<\/a>]<\/li><\/ul>\n\n\n\n<ul class=\"wp-block-list\"><li>Riccardo Miccini and Simone Spagnol, <em>\u201cA hybrid approach to structural modeling of individualized HRTFs\u201d.<\/em> In: <em>Proceedings of the 2021 IEEE Conference on Virtual Reality and 3D User Interfaces Workshops (VRW 2021), <\/em>pages 80-85, Lisbon, Portugal (virtual conference), March 2021. [<a href=\"https:\/\/conferences.computer.org\/vrpub\/#!\/toc\/2\">see online<\/a>] [<a href=\"https:\/\/itsadive.create.aau.dk\/wp-content\/uploads\/2021\/03\/SIVE_2021.pdf\">pdf<\/a>]<\/li><\/ul>\n\n\n\n<ul class=\"wp-block-list\"><li>Simone Spagnol, <em>\u201cIndividual Three-dimensional Spatial Auditory Displays for Immersive Virtual Environments\u201d.<\/em> <em>Project Repository Journal <\/em>8, pages 40-43, January 2021. [<a href=\"https:\/\/edition.pagesuite-professional.co.uk\/html5\/reader\/production\/default.aspx?pubname=&amp;edid=8f60f420-1a8e-4c17-9806-d064ac6b0d57&amp;pnum=40\">see online<\/a>] [<a href=\"https:\/\/itsadive.create.aau.dk\/wp-content\/uploads\/2021\/01\/PRJ_2021.pdf\">pdf<\/a>]<\/li><\/ul>\n\n\n\n<ul class=\"wp-block-list\"><li>Simone Spagnol, Riccardo Miccini, and R\u00fanar Unnth\u00f3rsson, \u201c<em>The Viking HRTF dataset v2<\/em>\u201d. Open dataset, October 2020. DOI: 10.5281\/zenodo.4160401. [<a href=\"https:\/\/doi.org\/10.5281\/zenodo.4160401\">see online<\/a>]<\/li><\/ul>\n\n\n\n<ul class=\"wp-block-list\"><li>Marius George Onofrei, Riccardo Miccini, R\u00fanar Unnth\u00f3rsson, Stefania Serafin, and Simone Spagnol, <em>\u201c3D ear shape as an estimator of HRTF notch frequency\u201d. <\/em>In: <em>Proceedings of the 17th Sound &amp; Music Computing Conference (SMC 2020)<\/em>, pages 131-137, Torino, Italy (virtual conference), June 2020. [<a href=\"https:\/\/smc2020torino.it\/uk\/page.asp?PID=84\">see online<\/a>] [<a href=\"https:\/\/itsadive.create.aau.dk\/wp-content\/uploads\/2020\/07\/SMC_2020.pdf\">pdf<\/a>]<\/li><\/ul>\n\n\n\n<ul class=\"wp-block-list\"><li>Simone Spagnol, <em>\u201cAuditory model based subsetting of Head-Related Transfer Function datasets\u201d.<\/em> In: <em>Proceedings of the 45th IEEE International Conference on Acoustics, Speech, and Signal Processing (ICASSP 2020), <\/em>pages 391-395, Barcelona, Spain (virtual conference), May 2020. [<a href=\"https:\/\/ieeexplore.ieee.org\/document\/9053360\">see online<\/a>] [<a href=\"https:\/\/itsadive.create.aau.dk\/wp-content\/uploads\/2020\/04\/ICASSP_2020.pdf\">pdf<\/a>]<\/li><\/ul>\n\n\n\n<ul class=\"wp-block-list\"><li>Simone Spagnol, <em>\u201cHRTF selection by anthropometric regression for improving horizontal localization accuracy\u201d.<\/em> <em>IEEE Signal Processing Letters <\/em>27, pages 590-594, April 2020. [<a href=\"https:\/\/ieeexplore.ieee.org\/document\/9050904\">see online<\/a>] [<a href=\"https:\/\/itsadive.create.aau.dk\/wp-content\/uploads\/2020\/04\/SPL_2020.pdf\">pdf<\/a>] <\/li><\/ul>\n\n\n\n<ul class=\"wp-block-list\"><li>Riccardo Miccini and Simone Spagnol, <em>\u201cHRTF individualization using deep learning\u201d.<\/em> In: <em>Proceedings of the 2020 IEEE Conference on Virtual Reality and 3D User Interfaces Workshops (VRW 2020), <\/em>pages 390-395, Atlanta, GA, USA (virtual conference), March 2020. [<a href=\"https:\/\/conferences.computer.org\/vr-tvcg\/2020\/#!\/toc\/1\">see online<\/a>] [<a href=\"https:\/\/itsadive.create.aau.dk\/wp-content\/uploads\/2020\/03\/SIVE_2020.pdf\">pdf<\/a>]<\/li><\/ul>\n\n\n\n<ul class=\"wp-block-list\"><li>Riccardo Miccini and Simone Spagnol, <em>\u201cEstimation of pinna notch frequency from anthropometry: an improved linear model based on Principal Component Analysis and feature selection\u201d.<\/em> In: <em>Proceedings of the 1st Nordic Sound &amp; Music Computing Conference (Nordic SMC 2019), <\/em>pages 5-8, Stockholm, Sweden, November 2019.<em> <\/em>[<a href=\"http:\/\/smcsweden.se\/#proceedings\">see online<\/a>] [<a href=\"https:\/\/itsadive.create.aau.dk\/wp-content\/uploads\/2019\/11\/NSMC_2019.pdf\">pdf<\/a>]<\/li><\/ul>\n\n\n\n<ul class=\"wp-block-list\"><li>Simone Spagnol, Kristj\u00e1n Bjarki Purkh\u00fas, Sverrir Karl Bj\u00f6rnsson, and R\u00fanar Unnth\u00f3rsson, <em>\u201cThe Viking HRTF dataset\u201d. <\/em>In: <em>Proceedings of the 16th Sound &amp; Music Computing Conference (SMC 2019)<\/em>, pages 55-60, M\u00e1laga, Spain, May 2019.<em> <\/em>[<a href=\"http:\/\/smc2019.uma.es\/scientificprogram.html#posterp1\">see online<\/a>] [<a href=\"https:\/\/itsadive.create.aau.dk\/wp-content\/uploads\/2019\/05\/SMC2019_paper.pdf\">pdf<\/a>]<\/li><\/ul>\n","protected":false},"excerpt":{"rendered":"<p>Jonas Siim Andersen, Riccardo Miccini, Stefania Serafin, and Simone Spagnol, \u201cEvaluation of individualized HRTFs in a 3D shooter game\u201d. In: Proceedings of the 1st International Conference on Immersive and 3D Audio (I3DA 2021), Bologna, Italy (virtual conference), September 2021. [see online] [pdf] Simone Spagnol, Riccardo Miccini, Marius George Onofrei, R\u00fanar Unnth\u00f3rsson, and Stefania Serafin, \u201cEstimation [&hellip;]<\/p>\n","protected":false},"author":1,"featured_media":0,"parent":0,"menu_order":0,"comment_status":"closed","ping_status":"closed","template":"","meta":{"footnotes":""},"class_list":["post-29","page","type-page","status-publish","hentry"],"_links":{"self":[{"href":"https:\/\/itsadive.create.aau.dk\/index.php\/wp-json\/wp\/v2\/pages\/29","targetHints":{"allow":["GET"]}}],"collection":[{"href":"https:\/\/itsadive.create.aau.dk\/index.php\/wp-json\/wp\/v2\/pages"}],"about":[{"href":"https:\/\/itsadive.create.aau.dk\/index.php\/wp-json\/wp\/v2\/types\/page"}],"author":[{"embeddable":true,"href":"https:\/\/itsadive.create.aau.dk\/index.php\/wp-json\/wp\/v2\/users\/1"}],"replies":[{"embeddable":true,"href":"https:\/\/itsadive.create.aau.dk\/index.php\/wp-json\/wp\/v2\/comments?post=29"}],"version-history":[{"count":18,"href":"https:\/\/itsadive.create.aau.dk\/index.php\/wp-json\/wp\/v2\/pages\/29\/revisions"}],"predecessor-version":[{"id":229,"href":"https:\/\/itsadive.create.aau.dk\/index.php\/wp-json\/wp\/v2\/pages\/29\/revisions\/229"}],"wp:attachment":[{"href":"https:\/\/itsadive.create.aau.dk\/index.php\/wp-json\/wp\/v2\/media?parent=29"}],"curies":[{"name":"wp","href":"https:\/\/api.w.org\/{rel}","templated":true}]}}